{"id":1229,"date":"2015-04-03T22:12:41","date_gmt":"2015-04-03T22:12:41","guid":{"rendered":"http:\/\/www.suenosdecostarica.com\/?page_id=1229"},"modified":"2015-04-03T23:05:21","modified_gmt":"2015-04-03T23:05:21","slug":"los-llaveros-ecologicos","status":"publish","type":"page","link":"https:\/\/suenosdecostarica.com\/?page_id=1229","title":{"rendered":"Los llaveros ecol\u00f3gicos"},"content":{"rendered":"<p><span style=\"color: #000000;\"><strong>Los llaveros de madera reciclada pintados a mano<\/strong><\/span><\/p>\n<p style=\"text-align: justify;\">En nuestra l\u00ednea de Artesan\u00eda Ecol\u00f3gica, tambi\u00e9n les ofrecemos unos llaveros hechos de madera re-usada y reciclada. De momento, les proponemos dos colecciones, pero recuerden que si quieren hacer unos con sus dise\u00f1os, nada m\u00e1s que contactarnos.<\/p>\n<p><span style=\"color: #008000;\"><strong>Colecci\u00f3n \u201cEnerg\u00eda Espiritual\u201d<\/strong><\/span><\/p>\n<p><a href=\"https:\/\/suenosdecostarica.com\/wp-content\/uploads\/2015\/04\/DSC03261.jpg\"><img loading=\"lazy\" class=\"alignleft  wp-image-1231\" alt=\"DSC03261\" src=\"https:\/\/suenosdecostarica.com\/wp-content\/uploads\/2015\/04\/DSC03261-225x300.jpg\" width=\"180\" height=\"240\" srcset=\"https:\/\/suenosdecostarica.com\/wp-content\/uploads\/2015\/04\/DSC03261-225x300.jpg 225w, https:\/\/suenosdecostarica.com\/wp-content\/uploads\/2015\/04\/DSC03261.jpg 300w\" sizes=\"(max-width: 180px) 100vw, 180px\" \/><\/a><a href=\"https:\/\/suenosdecostarica.com\/wp-content\/uploads\/2015\/04\/DSC03264.jpg\"><img loading=\"lazy\" class=\"alignleft  wp-image-1233\" alt=\"DSC03264\" src=\"https:\/\/suenosdecostarica.com\/wp-content\/uploads\/2015\/04\/DSC03264-225x300.jpg\" width=\"180\" height=\"240\" srcset=\"https:\/\/suenosdecostarica.com\/wp-content\/uploads\/2015\/04\/DSC03264-225x300.jpg 225w, https:\/\/suenosdecostarica.com\/wp-content\/uploads\/2015\/04\/DSC03264.jpg 300w\" sizes=\"(max-width: 180px) 100vw, 180px\" \/><\/a><img loading=\"lazy\" class=\"alignleft  wp-image-1235\" alt=\"DSC03268\" src=\"https:\/\/suenosdecostarica.com\/wp-content\/uploads\/2015\/04\/DSC03268-225x300.jpg\" width=\"180\" height=\"240\" srcset=\"https:\/\/suenosdecostarica.com\/wp-content\/uploads\/2015\/04\/DSC03268-225x300.jpg 225w, https:\/\/suenosdecostarica.com\/wp-content\/uploads\/2015\/04\/DSC03268.jpg 300w\" sizes=\"(max-width: 180px) 100vw, 180px\" \/><a href=\"https:\/\/suenosdecostarica.com\/wp-content\/uploads\/2015\/04\/DSC03265.jpg\"><img loading=\"lazy\" class=\"alignleft  wp-image-1234\" alt=\"DSC03265\" src=\"https:\/\/suenosdecostarica.com\/wp-content\/uploads\/2015\/04\/DSC03265-225x300.jpg\" width=\"180\" height=\"240\" srcset=\"https:\/\/suenosdecostarica.com\/wp-content\/uploads\/2015\/04\/DSC03265-225x300.jpg 225w, https:\/\/suenosdecostarica.com\/wp-content\/uploads\/2015\/04\/DSC03265.jpg 300w\" sizes=\"(max-width: 180px) 100vw, 180px\" \/><\/a><a href=\"https:\/\/suenosdecostarica.com\/wp-content\/uploads\/2015\/04\/DSC03262.jpg\"><img loading=\"lazy\" class=\"alignleft  wp-image-1232\" alt=\"DSC03262\" src=\"https:\/\/suenosdecostarica.com\/wp-content\/uploads\/2015\/04\/DSC03262-225x300.jpg\" width=\"180\" height=\"240\" srcset=\"https:\/\/suenosdecostarica.com\/wp-content\/uploads\/2015\/04\/DSC03262-225x300.jpg 225w, https:\/\/suenosdecostarica.com\/wp-content\/uploads\/2015\/04\/DSC03262.jpg 300w\" sizes=\"(max-width: 180px) 100vw, 180px\" \/><\/a><a href=\"https:\/\/suenosdecostarica.com\/wp-content\/uploads\/2015\/04\/DSC03269.jpg\"><img loading=\"lazy\" class=\"alignleft  wp-image-1236\" alt=\"DSC03269\" src=\"https:\/\/suenosdecostarica.com\/wp-content\/uploads\/2015\/04\/DSC03269-225x300.jpg\" width=\"180\" height=\"240\" srcset=\"https:\/\/suenosdecostarica.com\/wp-content\/uploads\/2015\/04\/DSC03269-225x300.jpg 225w, https:\/\/suenosdecostarica.com\/wp-content\/uploads\/2015\/04\/DSC03269.jpg 300w\" sizes=\"(max-width: 180px) 100vw, 180px\" \/><\/a><a href=\"https:\/\/suenosdecostarica.com\/wp-content\/uploads\/2015\/04\/DSC03273.jpg\"><img loading=\"lazy\" class=\"alignleft  wp-image-1239\" alt=\"DSC03273\" src=\"https:\/\/suenosdecostarica.com\/wp-content\/uploads\/2015\/04\/DSC03273-225x300.jpg\" width=\"180\" height=\"240\" srcset=\"https:\/\/suenosdecostarica.com\/wp-content\/uploads\/2015\/04\/DSC03273-225x300.jpg 225w, https:\/\/suenosdecostarica.com\/wp-content\/uploads\/2015\/04\/DSC03273.jpg 300w\" sizes=\"(max-width: 180px) 100vw, 180px\" \/><\/a><a href=\"https:\/\/suenosdecostarica.com\/wp-content\/uploads\/2015\/04\/DSC03272.jpg\"><img loading=\"lazy\" class=\"alignleft  wp-image-1238\" alt=\"DSC03272\" src=\"https:\/\/suenosdecostarica.com\/wp-content\/uploads\/2015\/04\/DSC03272-225x300.jpg\" width=\"180\" height=\"240\" srcset=\"https:\/\/suenosdecostarica.com\/wp-content\/uploads\/2015\/04\/DSC03272-225x300.jpg 225w, https:\/\/suenosdecostarica.com\/wp-content\/uploads\/2015\/04\/DSC03272.jpg 300w\" sizes=\"(max-width: 180px) 100vw, 180px\" \/><\/a><a href=\"https:\/\/suenosdecostarica.com\/wp-content\/uploads\/2015\/04\/DSC03270.jpg\"><img loading=\"lazy\" class=\"alignleft  wp-image-1237\" alt=\"DSC03270\" src=\"https:\/\/suenosdecostarica.com\/wp-content\/uploads\/2015\/04\/DSC03270-225x300.jpg\" width=\"180\" height=\"240\" srcset=\"https:\/\/suenosdecostarica.com\/wp-content\/uploads\/2015\/04\/DSC03270-225x300.jpg 225w, https:\/\/suenosdecostarica.com\/wp-content\/uploads\/2015\/04\/DSC03270.jpg 300w\" sizes=\"(max-width: 180px) 100vw, 180px\" \/><\/a><br \/>\nFlor de loto, Om, Ganesha, Arbol de vida, cuatro lleveros para acompa\u00f1arlos en cada lugar.<\/p>\n<p><a title=\"Yoga y artesania madera costa rica : los separadores de libro ecologicos\" href=\"https:\/\/suenosdecostarica.com\/?page_id=786\">Para mas detalles, pueden ver aqu\u00ed\u00a0los separadores de libros de \u00e9sta misma colecci\u00f3n<\/a><\/p>\n<p><strong>Colecci\u00f3n \u201cPintores Famosos\u201d<\/strong><\/p>\n<p><a href=\"https:\/\/suenosdecostarica.com\/wp-content\/uploads\/2015\/04\/DSC03258.jpg\"><img loading=\"lazy\" class=\"alignleft  wp-image-1244\" alt=\"DSC03258\" src=\"https:\/\/suenosdecostarica.com\/wp-content\/uploads\/2015\/04\/DSC03258-225x300.jpg\" width=\"180\" height=\"240\" srcset=\"https:\/\/suenosdecostarica.com\/wp-content\/uploads\/2015\/04\/DSC03258-225x300.jpg 225w, https:\/\/suenosdecostarica.com\/wp-content\/uploads\/2015\/04\/DSC03258.jpg 300w\" sizes=\"(max-width: 180px) 100vw, 180px\" \/><\/a> <a href=\"https:\/\/suenosdecostarica.com\/wp-content\/uploads\/2015\/04\/DSC03259.jpg\"><img loading=\"lazy\" class=\"alignleft  wp-image-1245\" alt=\"DSC03259\" src=\"https:\/\/suenosdecostarica.com\/wp-content\/uploads\/2015\/04\/DSC03259-225x300.jpg\" width=\"180\" height=\"240\" srcset=\"https:\/\/suenosdecostarica.com\/wp-content\/uploads\/2015\/04\/DSC03259-225x300.jpg 225w, https:\/\/suenosdecostarica.com\/wp-content\/uploads\/2015\/04\/DSC03259.jpg 300w\" sizes=\"(max-width: 180px) 100vw, 180px\" \/><\/a> <a href=\"https:\/\/suenosdecostarica.com\/wp-content\/uploads\/2015\/04\/DSC03260.jpg\"><img loading=\"lazy\" class=\"alignleft  wp-image-1246\" alt=\"DSC03260\" src=\"https:\/\/suenosdecostarica.com\/wp-content\/uploads\/2015\/04\/DSC03260-225x300.jpg\" width=\"180\" height=\"240\" srcset=\"https:\/\/suenosdecostarica.com\/wp-content\/uploads\/2015\/04\/DSC03260-225x300.jpg 225w, https:\/\/suenosdecostarica.com\/wp-content\/uploads\/2015\/04\/DSC03260.jpg 300w\" sizes=\"(max-width: 180px) 100vw, 180px\" \/><\/a><\/p>\n<p style=\"text-align: justify;\">Ren\u00e9 Magritte, Vassily Kandinsky\u00a0\u00a0y Henri Matisse; vienen inspirados de pintores famosos del siglo pasado que cambiaron para siempre el arte pict\u00f3rico con su creativida y su inspiraci\u00f3n \u00fanica.<\/p>\n<p style=\"text-align: justify;\"><a title=\"Artesania madera costa rica : los separadores de libro ecologicos\" href=\"https:\/\/suenosdecostarica.com\/?page_id=786\">Para m\u00e1s detalles, pueden ver aqu\u00ed los separadores de libros de pintores famosos<\/a><\/p>\n<p style=\"text-align: justify;\">Para cualquier pregunta o informaci\u00f3n de precio o env\u00edo de estos productos, o hacer \u00a0unos con su logo o dise\u00f1o, por favor no duden en contactarnos al +506 71 41 97 43 o al \u00a0correo electr\u00f3nico contacto@suenosdecostarica.com .<\/p>\n<p>&nbsp;<\/p>\n<p>&nbsp;<\/p>\n","protected":false},"excerpt":{"rendered":"<p>Los llaveros de madera reciclada pintados a mano En nuestra l\u00ednea de Artesan\u00eda Ecol\u00f3gica, tambi\u00e9n les ofrecemos unos llaveros hechos de madera re-usada y reciclada. De momento, les proponemos dos colecciones, pero recuerden que si quieren hacer unos con sus &hellip; <a href=\"https:\/\/suenosdecostarica.com\/?page_id=1229\">Continue reading <span class=\"meta-nav\">&rarr;<\/span><\/a><\/p>\n","protected":false},"author":2,"featured_media":0,"parent":0,"menu_order":0,"comment_status":"open","ping_status":"open","template":"","meta":[],"_links":{"self":[{"href":"https:\/\/suenosdecostarica.com\/index.php?rest_route=\/wp\/v2\/pages\/1229"}],"collection":[{"href":"https:\/\/suenosdecostarica.com\/index.php?rest_route=\/wp\/v2\/pages"}],"about":[{"href":"https:\/\/suenosdecostarica.com\/index.php?rest_route=\/wp\/v2\/types\/page"}],"author":[{"embeddable":true,"href":"https:\/\/suenosdecostarica.com\/index.php?rest_route=\/wp\/v2\/users\/2"}],"replies":[{"embeddable":true,"href":"https:\/\/suenosdecostarica.com\/index.php?rest_route=%2Fwp%2Fv2%2Fcomments&post=1229"}],"version-history":[{"count":7,"href":"https:\/\/suenosdecostarica.com\/index.php?rest_route=\/wp\/v2\/pages\/1229\/revisions"}],"predecessor-version":[{"id":1263,"href":"https:\/\/suenosdecostarica.com\/index.php?rest_route=\/wp\/v2\/pages\/1229\/revisions\/1263"}],"wp:attachment":[{"href":"https:\/\/suenosdecostarica.com\/index.php?rest_route=%2Fwp%2Fv2%2Fmedia&parent=1229"}],"curies":[{"name":"wp","href":"https:\/\/api.w.org\/{rel}","templated":true}]}}