{"id":193,"date":"2014-06-11T19:04:10","date_gmt":"2014-06-11T19:04:10","guid":{"rendered":"http:\/\/www.suenosdecostarica.com\/?page_id=193"},"modified":"2014-10-10T04:30:17","modified_gmt":"2014-10-10T04:30:17","slug":"coleccion-energia-espiritual","status":"publish","type":"page","link":"https:\/\/suenosdecostarica.com\/?page_id=193","title":{"rendered":"Colecci\u00f3n &#8220;Energ\u00eda Espiritual&#8221;"},"content":{"rendered":"<p style=\"text-align: justify;\"><a href=\"https:\/\/suenosdecostarica.com\/wp-content\/uploads\/2014\/06\/algodon_organico_costa_rica_energia_espiritual.jpg\"><img loading=\"lazy\" class=\"alignleft\" alt=\"algodon_organico_costa_rica_energia_espiritual\" src=\"https:\/\/suenosdecostarica.com\/wp-content\/uploads\/2014\/06\/algodon_organico_costa_rica_energia_espiritual-544x1024.jpg\" width=\"157\" height=\"294\" \/><\/a><\/p>\n<p style=\"text-align: justify;\">Con la colecci\u00f3n &#8220;Energ\u00eda Espiritual&#8221; les ofrecemos diez dise\u00f1os y mandalas totalmente exclusivos. Con esta colecci\u00f3n,\u00a0le proponemos un viaje en varias formas de espiritualidad hol\u00edstica en el mundo : asi\u00e1tica, yoguista, budista, maya, nativo americano y m\u00e1s.<\/p>\n<p style=\"text-align: justify;\"><a href=\"https:\/\/suenosdecostarica.com\/wp-content\/uploads\/2014\/06\/algodon_organico_costa_rica_energia_espiritual.jpg\">\u00a0<\/a><\/p>\n<p style=\"text-align: justify;\">\u00a0Clica en qualquier im\u00e1gen de \u00e9sta p\u00e1gina para verlas m\u00e1s grandes.<\/p>\n<p style=\"text-align: justify;\"><a style=\"font-size: 16px;\" href=\"https:\/\/suenosdecostarica.com\/wp-content\/uploads\/2014\/09\/camisetar_algodon_organico_ropa_yoga_mujer.jpg\"><img loading=\"lazy\" class=\"alignnone size-full wp-image-502\" alt=\"camisetar_algodon_organico_ropa_yoga_mujer\" src=\"https:\/\/suenosdecostarica.com\/wp-content\/uploads\/2014\/09\/camisetar_algodon_organico_ropa_yoga_mujer.jpg\" width=\"1593\" height=\"1959\" srcset=\"https:\/\/suenosdecostarica.com\/wp-content\/uploads\/2014\/09\/camisetar_algodon_organico_ropa_yoga_mujer.jpg 1593w, https:\/\/suenosdecostarica.com\/wp-content\/uploads\/2014\/09\/camisetar_algodon_organico_ropa_yoga_mujer-243x300.jpg 243w, https:\/\/suenosdecostarica.com\/wp-content\/uploads\/2014\/09\/camisetar_algodon_organico_ropa_yoga_mujer-832x1024.jpg 832w\" sizes=\"(max-width: 1593px) 100vw, 1593px\" \/><\/a><\/p>\n<div id=\"attachment_468\" style=\"width: 1603px\" class=\"wp-caption alignnone\"><a href=\"https:\/\/suenosdecostarica.com\/wp-content\/uploads\/2014\/08\/camisetas_algodon_organico_ropa_ecologica_costa_rica.jpg\"><img aria-describedby=\"caption-attachment-468\" loading=\"lazy\" class=\"size-full wp-image-468\" alt=\"Ropa ecologica : las camisetas de Algod\u00f3n org\u00e1nico par hombres\" src=\"https:\/\/suenosdecostarica.com\/wp-content\/uploads\/2014\/08\/camisetas_algodon_organico_ropa_ecologica_costa_rica.jpg\" width=\"1593\" height=\"1600\" srcset=\"https:\/\/suenosdecostarica.com\/wp-content\/uploads\/2014\/08\/camisetas_algodon_organico_ropa_ecologica_costa_rica.jpg 1593w, https:\/\/suenosdecostarica.com\/wp-content\/uploads\/2014\/08\/camisetas_algodon_organico_ropa_ecologica_costa_rica-150x150.jpg 150w, https:\/\/suenosdecostarica.com\/wp-content\/uploads\/2014\/08\/camisetas_algodon_organico_ropa_ecologica_costa_rica-298x300.jpg 298w, https:\/\/suenosdecostarica.com\/wp-content\/uploads\/2014\/08\/camisetas_algodon_organico_ropa_ecologica_costa_rica-1019x1024.jpg 1019w\" sizes=\"(max-width: 1593px) 100vw, 1593px\" \/><\/a><p id=\"caption-attachment-468\" class=\"wp-caption-text\">Ropa ecologica : las camisetas de Algod\u00f3n org\u00e1nico par hombres<\/p><\/div>\n<p style=\"text-align: justify;\"><a href=\"https:\/\/suenosdecostarica.com\/wp-content\/uploads\/2014\/06\/algodon_organico_costa_rica_energia_espiritual.jpg\">\u00a0<\/a><\/p>\n<p><strong><a href=\"https:\/\/suenosdecostarica.com\/wp-content\/uploads\/2014\/06\/algodon_organico_suenos_de_costa_rica.jpg\"><img loading=\"lazy\" class=\"wp-image-217\" alt=\"algodon_organico_suenos_de_costa_rica\" src=\"https:\/\/suenosdecostarica.com\/wp-content\/uploads\/2014\/06\/algodon_organico_suenos_de_costa_rica.jpg\" width=\"420\" height=\"7\" srcset=\"https:\/\/suenosdecostarica.com\/wp-content\/uploads\/2014\/06\/algodon_organico_suenos_de_costa_rica.jpg 600w, https:\/\/suenosdecostarica.com\/wp-content\/uploads\/2014\/06\/algodon_organico_suenos_de_costa_rica-300x5.jpg 300w\" sizes=\"(max-width: 420px) 100vw, 420px\" \/><\/a><\/strong><\/p>\n<p>Los Dise\u00f1os de la colecci\u00f3n<\/p>\n<div id=\"attachment_362\" style=\"width: 250px\" class=\"wp-caption alignleft\"><a href=\"https:\/\/suenosdecostarica.com\/wp-content\/uploads\/2014\/06\/om_mandala_algodon_organico.jpg\"><img aria-describedby=\"caption-attachment-362\" loading=\"lazy\" class=\" wp-image-362  \" alt=\"Mandala OM\" src=\"https:\/\/suenosdecostarica.com\/wp-content\/uploads\/2014\/06\/om_mandala_algodon_organico-300x119.jpg\" width=\"240\" height=\"95\" srcset=\"https:\/\/suenosdecostarica.com\/wp-content\/uploads\/2014\/06\/om_mandala_algodon_organico-300x119.jpg 300w, https:\/\/suenosdecostarica.com\/wp-content\/uploads\/2014\/06\/om_mandala_algodon_organico-1024x408.jpg 1024w, https:\/\/suenosdecostarica.com\/wp-content\/uploads\/2014\/06\/om_mandala_algodon_organico.jpg 1600w\" sizes=\"(max-width: 240px) 100vw, 240px\" \/><\/a><p id=\"caption-attachment-362\" class=\"wp-caption-text\">Mandala OM<\/p><\/div>\n<div id=\"attachment_394\" style=\"width: 250px\" class=\"wp-caption alignleft\"><a href=\"https:\/\/suenosdecostarica.com\/wp-content\/uploads\/2014\/07\/algodon_organico_arbol_de_vida.jpg\"><img aria-describedby=\"caption-attachment-394\" loading=\"lazy\" class=\" wp-image-394 \" alt=\"Arbol de vida\" src=\"https:\/\/suenosdecostarica.com\/wp-content\/uploads\/2014\/07\/algodon_organico_arbol_de_vida-300x119.jpg\" width=\"240\" height=\"95\" srcset=\"https:\/\/suenosdecostarica.com\/wp-content\/uploads\/2014\/07\/algodon_organico_arbol_de_vida-300x119.jpg 300w, https:\/\/suenosdecostarica.com\/wp-content\/uploads\/2014\/07\/algodon_organico_arbol_de_vida-1024x408.jpg 1024w, https:\/\/suenosdecostarica.com\/wp-content\/uploads\/2014\/07\/algodon_organico_arbol_de_vida.jpg 1600w\" sizes=\"(max-width: 240px) 100vw, 240px\" \/><\/a><p id=\"caption-attachment-394\" class=\"wp-caption-text\">Arbol de vida<\/p><\/div>\n<p>&nbsp;<\/p>\n<div id=\"attachment_404\" style=\"width: 250px\" class=\"wp-caption alignleft\"><a href=\"https:\/\/suenosdecostarica.com\/wp-content\/uploads\/2014\/07\/algodon_organico_mandala_yin_yang.jpg\"><img aria-describedby=\"caption-attachment-404\" loading=\"lazy\" class=\" wp-image-404 \" alt=\"Mandala Yin Yang\" src=\"https:\/\/suenosdecostarica.com\/wp-content\/uploads\/2014\/07\/algodon_organico_mandala_yin_yang-300x119.jpg\" width=\"240\" height=\"95\" srcset=\"https:\/\/suenosdecostarica.com\/wp-content\/uploads\/2014\/07\/algodon_organico_mandala_yin_yang-300x119.jpg 300w, https:\/\/suenosdecostarica.com\/wp-content\/uploads\/2014\/07\/algodon_organico_mandala_yin_yang-1024x408.jpg 1024w, https:\/\/suenosdecostarica.com\/wp-content\/uploads\/2014\/07\/algodon_organico_mandala_yin_yang.jpg 1600w\" sizes=\"(max-width: 240px) 100vw, 240px\" \/><\/a><p id=\"caption-attachment-404\" class=\"wp-caption-text\">Mandala Yin Yang<\/p><\/div>\n<p>&nbsp;<\/p>\n<div id=\"attachment_353\" style=\"width: 250px\" class=\"wp-caption alignleft\"><a href=\"https:\/\/suenosdecostarica.com\/wp-content\/uploads\/2014\/06\/meditacion_mandala_algodon_organico.jpg\"><img aria-describedby=\"caption-attachment-353\" loading=\"lazy\" class=\" wp-image-353 \" alt=\"Mandala meditaci\u00f3n\" src=\"https:\/\/suenosdecostarica.com\/wp-content\/uploads\/2014\/06\/meditacion_mandala_algodon_organico-300x119.jpg\" width=\"240\" height=\"95\" srcset=\"https:\/\/suenosdecostarica.com\/wp-content\/uploads\/2014\/06\/meditacion_mandala_algodon_organico-300x119.jpg 300w, https:\/\/suenosdecostarica.com\/wp-content\/uploads\/2014\/06\/meditacion_mandala_algodon_organico-1024x408.jpg 1024w, https:\/\/suenosdecostarica.com\/wp-content\/uploads\/2014\/06\/meditacion_mandala_algodon_organico.jpg 1600w\" sizes=\"(max-width: 240px) 100vw, 240px\" \/><\/a><p id=\"caption-attachment-353\" class=\"wp-caption-text\">Mandala meditaci\u00f3n<\/p><\/div>\n<p>&nbsp;<\/p>\n<div id=\"attachment_410\" style=\"width: 250px\" class=\"wp-caption alignleft\"><a href=\"https:\/\/suenosdecostarica.com\/wp-content\/uploads\/2014\/07\/buda_lotus_algodon_organico_costa_rica.jpg\"><img aria-describedby=\"caption-attachment-410\" loading=\"lazy\" class=\" wp-image-410 \" alt=\"Mandala Buda\" src=\"https:\/\/suenosdecostarica.com\/wp-content\/uploads\/2014\/07\/buda_lotus_algodon_organico_costa_rica-300x119.jpg\" width=\"240\" height=\"95\" srcset=\"https:\/\/suenosdecostarica.com\/wp-content\/uploads\/2014\/07\/buda_lotus_algodon_organico_costa_rica-300x119.jpg 300w, https:\/\/suenosdecostarica.com\/wp-content\/uploads\/2014\/07\/buda_lotus_algodon_organico_costa_rica-1024x408.jpg 1024w, https:\/\/suenosdecostarica.com\/wp-content\/uploads\/2014\/07\/buda_lotus_algodon_organico_costa_rica.jpg 1600w\" sizes=\"(max-width: 240px) 100vw, 240px\" \/><\/a><p id=\"caption-attachment-410\" class=\"wp-caption-text\">Mandala Buda<\/p><\/div>\n<p>&nbsp;<\/p>\n<div id=\"attachment_409\" style=\"width: 250px\" class=\"wp-caption alignleft\"><a href=\"https:\/\/suenosdecostarica.com\/wp-content\/uploads\/2014\/07\/algodon_organico_flor_de_loto_om_mantra.jpg\"><img aria-describedby=\"caption-attachment-409\" loading=\"lazy\" class=\" wp-image-409 \" alt=\"Mandala OM flor de loto\" src=\"https:\/\/suenosdecostarica.com\/wp-content\/uploads\/2014\/07\/algodon_organico_flor_de_loto_om_mantra-300x119.jpg\" width=\"240\" height=\"95\" srcset=\"https:\/\/suenosdecostarica.com\/wp-content\/uploads\/2014\/07\/algodon_organico_flor_de_loto_om_mantra-300x119.jpg 300w, https:\/\/suenosdecostarica.com\/wp-content\/uploads\/2014\/07\/algodon_organico_flor_de_loto_om_mantra-1024x408.jpg 1024w, https:\/\/suenosdecostarica.com\/wp-content\/uploads\/2014\/07\/algodon_organico_flor_de_loto_om_mantra.jpg 1600w\" sizes=\"(max-width: 240px) 100vw, 240px\" \/><\/a><p id=\"caption-attachment-409\" class=\"wp-caption-text\">Mandala OM flor de loto<\/p><\/div>\n<p>&nbsp;<\/p>\n<div id=\"attachment_387\" style=\"width: 250px\" class=\"wp-caption alignleft\"><a href=\"https:\/\/suenosdecostarica.com\/wp-content\/uploads\/2014\/07\/meditacion_hunab_ku_1600.jpg\"><img aria-describedby=\"caption-attachment-387\" loading=\"lazy\" class=\" wp-image-387 \" alt=\"Mandala Hunab Ku\" src=\"https:\/\/suenosdecostarica.com\/wp-content\/uploads\/2014\/07\/meditacion_hunab_ku_1600-300x119.jpg\" width=\"240\" height=\"95\" srcset=\"https:\/\/suenosdecostarica.com\/wp-content\/uploads\/2014\/07\/meditacion_hunab_ku_1600-300x119.jpg 300w, https:\/\/suenosdecostarica.com\/wp-content\/uploads\/2014\/07\/meditacion_hunab_ku_1600-1024x408.jpg 1024w, https:\/\/suenosdecostarica.com\/wp-content\/uploads\/2014\/07\/meditacion_hunab_ku_1600.jpg 1600w\" sizes=\"(max-width: 240px) 100vw, 240px\" \/><\/a><p id=\"caption-attachment-387\" class=\"wp-caption-text\">Mandala Hunab Ku<\/p><\/div>\n<p>&nbsp;<\/p>\n<div id=\"attachment_596\" style=\"width: 250px\" class=\"wp-caption alignleft\"><a href=\"https:\/\/suenosdecostarica.com\/wp-content\/uploads\/2014\/06\/algodon_organico_costa_rica_mandala_nativo_americano.jpg\"><img aria-describedby=\"caption-attachment-596\" loading=\"lazy\" class=\" wp-image-596 \" alt=\"Mandala Nativos Americanos\" src=\"https:\/\/suenosdecostarica.com\/wp-content\/uploads\/2014\/06\/algodon_organico_costa_rica_mandala_nativo_americano-300x119.jpg\" width=\"240\" height=\"95\" srcset=\"https:\/\/suenosdecostarica.com\/wp-content\/uploads\/2014\/06\/algodon_organico_costa_rica_mandala_nativo_americano-300x119.jpg 300w, https:\/\/suenosdecostarica.com\/wp-content\/uploads\/2014\/06\/algodon_organico_costa_rica_mandala_nativo_americano-1024x408.jpg 1024w, https:\/\/suenosdecostarica.com\/wp-content\/uploads\/2014\/06\/algodon_organico_costa_rica_mandala_nativo_americano.jpg 1600w\" sizes=\"(max-width: 240px) 100vw, 240px\" \/><\/a><p id=\"caption-attachment-596\" class=\"wp-caption-text\">Mandala Nativos Americanos<\/p><\/div>\n<p>&nbsp;<\/p>\n<p style=\"text-align: left;\"><a href=\"https:\/\/suenosdecostarica.com\/wp-content\/uploads\/2014\/06\/algodon_organico_suenos_de_costa_rica.jpg\"><img loading=\"lazy\" class=\"aligncenter size-medium wp-image-217\" alt=\"algodon_organico_suenos_de_costa_rica\" src=\"https:\/\/suenosdecostarica.com\/wp-content\/uploads\/2014\/06\/algodon_organico_suenos_de_costa_rica-300x5.jpg\" width=\"300\" height=\"5\" srcset=\"https:\/\/suenosdecostarica.com\/wp-content\/uploads\/2014\/06\/algodon_organico_suenos_de_costa_rica-300x5.jpg 300w, https:\/\/suenosdecostarica.com\/wp-content\/uploads\/2014\/06\/algodon_organico_suenos_de_costa_rica.jpg 600w\" sizes=\"(max-width: 300px) 100vw, 300px\" \/><\/a><\/p>\n<p><strong>Para conseguir nuestras prendas en Costa Rica y en el extranjero.\u00a0<\/strong><\/p>\n<p>No duden en\u00a0<a title=\"contacto camisetas algodon organico costa rica\" href=\"https:\/\/suenosdecostarica.com\/?page_id=2\">contactarnos por t\u00e9lefono o correo electr\u00f3nico<\/a>\u00a0para saber m\u00e1s sobre nuestros puntos de distribuci\u00f3n.<\/p>\n<p style=\"text-align: center;\"><a href=\"https:\/\/suenosdecostarica.com\/wp-content\/uploads\/2014\/06\/algodon_organico_suenos_de_costa_rica.jpg\"><img loading=\"lazy\" alt=\"algodon_organico_suenos_de_costa_rica\" src=\"https:\/\/suenosdecostarica.com\/wp-content\/uploads\/2014\/06\/algodon_organico_suenos_de_costa_rica-300x5.jpg\" width=\"300\" height=\"5\" \/><\/a><\/p>\n<p><strong>Venta al mayor para tiendas de ropa, tiendas verdes o lugares espirituales.<\/strong><\/p>\n<p>Si tiene una tienda de ropa, una tienda verde o un lugar espiritual y est\u00e1 interesado en distribuir nuestras prendas, por favor, pongase en <a title=\"contacto con nosotros\" href=\"https:\/\/suenosdecostarica.com\/?page_id=2\">contacto con nosotros<\/a>.<\/p>\n<p><strong>\u00a0<\/strong><\/p>\n","protected":false},"excerpt":{"rendered":"<p>Con la colecci\u00f3n &#8220;Energ\u00eda Espiritual&#8221; les ofrecemos diez dise\u00f1os y mandalas totalmente exclusivos. Con esta colecci\u00f3n,\u00a0le proponemos un viaje en varias formas de espiritualidad hol\u00edstica en el mundo : asi\u00e1tica, yoguista, budista, maya, nativo americano y m\u00e1s. \u00a0 \u00a0Clica en &hellip; <a href=\"https:\/\/suenosdecostarica.com\/?page_id=193\">Continue reading <span class=\"meta-nav\">&rarr;<\/span><\/a><\/p>\n","protected":false},"author":2,"featured_media":0,"parent":0,"menu_order":0,"comment_status":"open","ping_status":"open","template":"","meta":[],"_links":{"self":[{"href":"https:\/\/suenosdecostarica.com\/index.php?rest_route=\/wp\/v2\/pages\/193"}],"collection":[{"href":"https:\/\/suenosdecostarica.com\/index.php?rest_route=\/wp\/v2\/pages"}],"about":[{"href":"https:\/\/suenosdecostarica.com\/index.php?rest_route=\/wp\/v2\/types\/page"}],"author":[{"embeddable":true,"href":"https:\/\/suenosdecostarica.com\/index.php?rest_route=\/wp\/v2\/users\/2"}],"replies":[{"embeddable":true,"href":"https:\/\/suenosdecostarica.com\/index.php?rest_route=%2Fwp%2Fv2%2Fcomments&post=193"}],"version-history":[{"count":32,"href":"https:\/\/suenosdecostarica.com\/index.php?rest_route=\/wp\/v2\/pages\/193\/revisions"}],"predecessor-version":[{"id":598,"href":"https:\/\/suenosdecostarica.com\/index.php?rest_route=\/wp\/v2\/pages\/193\/revisions\/598"}],"wp:attachment":[{"href":"https:\/\/suenosdecostarica.com\/index.php?rest_route=%2Fwp%2Fv2%2Fmedia&parent=193"}],"curies":[{"name":"wp","href":"https:\/\/api.w.org\/{rel}","templated":true}]}}