{"id":506,"date":"2014-09-29T23:41:59","date_gmt":"2014-09-29T23:41:59","guid":{"rendered":"http:\/\/www.suenosdecostarica.com\/?page_id=506"},"modified":"2014-12-10T21:54:25","modified_gmt":"2014-12-10T21:54:25","slug":"otros-productos-naturales-y-ecologicos","status":"publish","type":"page","link":"https:\/\/suenosdecostarica.com\/?page_id=506","title":{"rendered":"Magnetos ecol\u00f3gicos"},"content":{"rendered":"<h2>Artesan\u00eda\u00a0ecol\u00f3gica :<br \/>\nMagnetos ecol\u00f3gicos de madera reciclada pintados a mano<\/h2>\n<p style=\"text-align: justify;\">Estan hechos de la misma madera reciclada que se usa para los separadores de libros. Se pintan a mano tambi\u00e9n y tienen la forma de los animalitos.\u00a0Encantan a\u00a0los ni\u00f1os para jugar o para decorar sus habitaci\u00f3nes y son regalitos originales y ecol\u00f3gicos que\u00a0se usan tambi\u00e9n como objectos decorativos para refrigeradora o cualquier surfacia met\u00e1lica.<\/p>\n<p style=\"text-align: justify;\"><a href=\"https:\/\/suenosdecostarica.com\/wp-content\/uploads\/2014\/09\/artesania_ecologica_madera_reciclada_costa_rica_mostrador_magnetos.jpg\"><img loading=\"lazy\" class=\"alignnone size-large wp-image-625\" alt=\"artesania_ecologica_madera_reciclada_costa_rica_mostrador_magnetos\" src=\"https:\/\/suenosdecostarica.com\/wp-content\/uploads\/2014\/09\/artesania_ecologica_madera_reciclada_costa_rica_mostrador_magnetos-1024x440.jpg\" width=\"640\" height=\"275\" srcset=\"https:\/\/suenosdecostarica.com\/wp-content\/uploads\/2014\/09\/artesania_ecologica_madera_reciclada_costa_rica_mostrador_magnetos-1024x440.jpg 1024w, https:\/\/suenosdecostarica.com\/wp-content\/uploads\/2014\/09\/artesania_ecologica_madera_reciclada_costa_rica_mostrador_magnetos-300x129.jpg 300w, https:\/\/suenosdecostarica.com\/wp-content\/uploads\/2014\/09\/artesania_ecologica_madera_reciclada_costa_rica_mostrador_magnetos.jpg 1600w\" sizes=\"(max-width: 640px) 100vw, 640px\" \/><\/a><\/p>\n<div id=\"attachment_627\" style=\"width: 650px\" class=\"wp-caption alignnone\"><a href=\"https:\/\/suenosdecostarica.com\/wp-content\/uploads\/2014\/09\/artesania_ecologico_costa_rica_madera_reciclada_naturalezza.jpg\"><img aria-describedby=\"caption-attachment-627\" loading=\"lazy\" class=\"size-large wp-image-627\" alt=\"Magnetos ecologicos de madera reciclada\" src=\"https:\/\/suenosdecostarica.com\/wp-content\/uploads\/2014\/09\/artesania_ecologico_costa_rica_madera_reciclada_naturalezza-1024x755.jpg\" width=\"640\" height=\"471\" srcset=\"https:\/\/suenosdecostarica.com\/wp-content\/uploads\/2014\/09\/artesania_ecologico_costa_rica_madera_reciclada_naturalezza-1024x755.jpg 1024w, https:\/\/suenosdecostarica.com\/wp-content\/uploads\/2014\/09\/artesania_ecologico_costa_rica_madera_reciclada_naturalezza-300x221.jpg 300w, https:\/\/suenosdecostarica.com\/wp-content\/uploads\/2014\/09\/artesania_ecologico_costa_rica_madera_reciclada_naturalezza.jpg 1463w\" sizes=\"(max-width: 640px) 100vw, 640px\" \/><\/a><p id=\"caption-attachment-627\" class=\"wp-caption-text\">Magnetos ecologicos de madera reciclada<\/p><\/div>\n<p style=\"text-align: justify;\"><span style=\"font-size: 16px;\">De momiento, les ofrecemos nueve modelos de este producto.<\/span><\/p>\n<h2><a href=\"https:\/\/suenosdecostarica.com\/wp-content\/uploads\/2014\/09\/artesania_ecologica_madera_reciclada_costa_rica_naturalezza_magnetos.jpg\"><img loading=\"lazy\" class=\"alignnone size-large wp-image-626\" alt=\"artesania_ecologica_madera_reciclada_costa_rica_naturalezza_magnetos\" src=\"https:\/\/suenosdecostarica.com\/wp-content\/uploads\/2014\/09\/artesania_ecologica_madera_reciclada_costa_rica_naturalezza_magnetos-1024x753.jpg\" width=\"640\" height=\"470\" srcset=\"https:\/\/suenosdecostarica.com\/wp-content\/uploads\/2014\/09\/artesania_ecologica_madera_reciclada_costa_rica_naturalezza_magnetos-1024x753.jpg 1024w, https:\/\/suenosdecostarica.com\/wp-content\/uploads\/2014\/09\/artesania_ecologica_madera_reciclada_costa_rica_naturalezza_magnetos-300x220.jpg 300w, https:\/\/suenosdecostarica.com\/wp-content\/uploads\/2014\/09\/artesania_ecologica_madera_reciclada_costa_rica_naturalezza_magnetos.jpg 1600w\" sizes=\"(max-width: 640px) 100vw, 640px\" \/><\/a><\/h2>\n<h2><span style=\"font-size: 16px;\">Para tiendas, igual vienen con una comunicacion en dos idiomas : <\/span><\/h2>\n<p><a href=\"https:\/\/suenosdecostarica.com\/wp-content\/uploads\/2014\/09\/magnetos_ecologicos_madera_reciclada_1600.jpg\"><img loading=\"lazy\" class=\"size-medium wp-image-629 alignleft\" alt=\"magnetos_ecologicos_madera_reciclada_1600\" src=\"https:\/\/suenosdecostarica.com\/wp-content\/uploads\/2014\/09\/magnetos_ecologicos_madera_reciclada_1600-300x228.jpg\" width=\"300\" height=\"228\" srcset=\"https:\/\/suenosdecostarica.com\/wp-content\/uploads\/2014\/09\/magnetos_ecologicos_madera_reciclada_1600-300x228.jpg 300w, https:\/\/suenosdecostarica.com\/wp-content\/uploads\/2014\/09\/magnetos_ecologicos_madera_reciclada_1600-1024x778.jpg 1024w, https:\/\/suenosdecostarica.com\/wp-content\/uploads\/2014\/09\/magnetos_ecologicos_madera_reciclada_1600.jpg 1600w\" sizes=\"(max-width: 300px) 100vw, 300px\" \/><\/a> <a href=\"https:\/\/suenosdecostarica.com\/wp-content\/uploads\/2014\/09\/artesania_ecologica_magnetos_madera_reciclada_1600.jpg\"><img loading=\"lazy\" class=\"alignnone size-medium wp-image-628\" alt=\"artesania_ecologica_magnetos_madera_reciclada_1600\" src=\"https:\/\/suenosdecostarica.com\/wp-content\/uploads\/2014\/09\/artesania_ecologica_magnetos_madera_reciclada_1600-300x228.jpg\" width=\"300\" height=\"228\" srcset=\"https:\/\/suenosdecostarica.com\/wp-content\/uploads\/2014\/09\/artesania_ecologica_magnetos_madera_reciclada_1600-300x228.jpg 300w, https:\/\/suenosdecostarica.com\/wp-content\/uploads\/2014\/09\/artesania_ecologica_magnetos_madera_reciclada_1600-1024x778.jpg 1024w, https:\/\/suenosdecostarica.com\/wp-content\/uploads\/2014\/09\/artesania_ecologica_magnetos_madera_reciclada_1600.jpg 1600w\" sizes=\"(max-width: 300px) 100vw, 300px\" \/><\/a><\/p>\n<p>Para m\u00e1s informaci\u00f2n sobre todos estos productos de artesan\u00eda ecol\u00f3gica, no dude <a title=\"Contacto artesania ecologica de madera reciclada\" href=\"https:\/\/suenosdecostarica.com\/?page_id=2\" target=\"_blank\">contactanos aqui<\/a>.<\/p>\n<h2><span style=\"font-size: 16px;\">\u00a0<\/span><\/h2>\n","protected":false},"excerpt":{"rendered":"<p>Artesan\u00eda\u00a0ecol\u00f3gica : Magnetos ecol\u00f3gicos de madera reciclada pintados a mano Estan hechos de la misma madera reciclada que se usa para los separadores de libros. Se pintan a mano tambi\u00e9n y tienen la forma de los animalitos.\u00a0Encantan a\u00a0los ni\u00f1os para &hellip; <a href=\"https:\/\/suenosdecostarica.com\/?page_id=506\">Continue reading <span class=\"meta-nav\">&rarr;<\/span><\/a><\/p>\n","protected":false},"author":2,"featured_media":0,"parent":0,"menu_order":0,"comment_status":"open","ping_status":"open","template":"","meta":[],"_links":{"self":[{"href":"https:\/\/suenosdecostarica.com\/index.php?rest_route=\/wp\/v2\/pages\/506"}],"collection":[{"href":"https:\/\/suenosdecostarica.com\/index.php?rest_route=\/wp\/v2\/pages"}],"about":[{"href":"https:\/\/suenosdecostarica.com\/index.php?rest_route=\/wp\/v2\/types\/page"}],"author":[{"embeddable":true,"href":"https:\/\/suenosdecostarica.com\/index.php?rest_route=\/wp\/v2\/users\/2"}],"replies":[{"embeddable":true,"href":"https:\/\/suenosdecostarica.com\/index.php?rest_route=%2Fwp%2Fv2%2Fcomments&post=506"}],"version-history":[{"count":53,"href":"https:\/\/suenosdecostarica.com\/index.php?rest_route=\/wp\/v2\/pages\/506\/revisions"}],"predecessor-version":[{"id":796,"href":"https:\/\/suenosdecostarica.com\/index.php?rest_route=\/wp\/v2\/pages\/506\/revisions\/796"}],"wp:attachment":[{"href":"https:\/\/suenosdecostarica.com\/index.php?rest_route=%2Fwp%2Fv2%2Fmedia&parent=506"}],"curies":[{"name":"wp","href":"https:\/\/api.w.org\/{rel}","templated":true}]}}